22 - 2)?
-9
What is 6 - (-2 - -2 - -2)?
4
What is the value of 6 - -2 - (-1 + (6 - 2))?
5
What is -2 - (7 + -8 - 8)?
7
What is the value of -2 + 5 + -6 + 0?
-3
Evaluate -2 - (-5 + (-3 - 0 - -6)).
0
What is the value of -7 - 9 - (-1 + (4 - 8))?
-11
-1 + (-3 - (-2 - 5))
3
What is (2 - 2) + 9 + -8?
1
What is the value of -4 - (-2 + 2 + 1)?
-5
Evaluate -9 - 1 - (-5 + -10).
5
Calculate (-1 - (-4 - 2)) + -4 + 2.
3
Calculate 17 - 22 - (-1 + -1).
-3
What is 1 - (-2 + 7 - -1)?
-5
-7 - (4 + (6 - 16))
-1
What is 0 + 6 + -5 + 3 - 3?
1
Evaluate -2 + 0 - (17 - (12 + 3)).
-4
What is the value of 7 + -1 + (-1 - 2) - 2?
1
2 + (1 - 1) - 6
-4
Calculate -18 + 11 + 8 - (-1 + -1).
3
1 - (0 - -11) - -16
6
Calculate -2 + 0 + (-78 - -76) + -4.
-8
What is -2 + -3 + 4 + 1?
0
Calculate (-26 + 13 - -8) + 1 + 1.
-3
What is 0 - (0 + 0 + 0)?
0
Evaluate (-1 + -1 - 1) + 0.
-3
What is the value of (-7 - 0) + (67 - 66)?
-6
What is 3 + (1 - -4 - 3 - 3)?
2
Evaluate 1 - 3 - (-11 + 11).
-2
8 + -4 + -8 - 1 - -4
-1
What is the value of 2 + -13 - (81 + -83)?
-9
What is the value of -1 + -2 + -2 + -1 + 5?
-1
What is the value of 3 + -1 + 48 + -40?
10
What is (1 - 4) + (-4 - (-16 + 7))?
2
What is -3 - ((0 - 1) + 3)?
-5
What is 0 + -4 - (-10 - (-5 - 11))?
-10
What is (-3 - 5) + 1 + 7 + 1?
1
What is the value of -7 + (-2 - -3 - -4)?
-2
What is 2 + -9 - (4 + -13)?
2
Evaluate 6 - (3 + (-5 - (-2 - 2))).
4
3 - 2 - (0 + 5 + 1)
-5
Calculate 15 + -4 + (-1 - 13).
-3
Calculate -3 + (1 - 2) + (-3 - -10).
3
Evaluate -4 + 2 + 8 + -3 - 6.
-3
(-7 - -2) + (10 - (3 + -3))
5
Calculate -7 + -4 + 14 - (-1 - 7).
11
Calculate 8 + -8 + -5 - 1.
-6
Evaluate (-3 - 4 - -5) + 6 + 0.
4
Evaluate 3 + 5 + -6 + 3.
5
What is the value of -296 + 302 + (-1 - 0)?
5
What is -2 + -4 + 5 + 0?
-1
What is 4 - (-6 + (3 - -3))?
4
What is 2 - (-3 - (-6 - 0)) - -3?
2
Evaluate -4 + (2 - 0) + (-1 - -1).
-2
What is (1 + (-13 - -6) - -4) + 5?
3
What is the value of -6 + 4 + 2 + -2?
-2
What is (-5 - (-1 - 4 - 0)) + 0?
0
(25 + -12 - 14) + 1 + -2
-2
What is 4 + (-4 - (2 + -2))?
0
What is -1 + (7 - (1 + 5 - -8))?
-8
What is the value of -4 + (2 - -1 - 3)?
-4
Evaluate (1 - (0 - -3)) + 2.
0
What is 0 - 0 - (7 - 8)?
1
Calculate (-2 + 0 + -1 - -3) + 4.
4
What is 2 - (0 + -4 + (0 - -3))?
3
What is -6 - (-6 + (7 - 10))?
3
Calculate (-3 - -10) + -6 - (2 + -5).
4
Evaluate (-4 - (5 + -8)) + -7 + 3.
-5
Calculate 0 - (2 - (0 - (0 + -3))).
1
-3 - (-10 - (2 + -5 - 0))
4
Calculate -1 + 9 + (-1 - (2 + 5)).
0
What is 0 + -1 - -1 - (-146 - -139)?
7
What is the value of 3 + (-1 - (-1 + 4))?
-1
What is (3 - (14 - 4)) + 9?
2
What is (-1 - -1) + 4 - (12 + -13)?
5
-4 + -2 - -11 - (0 - -4)
1
13 - (-7 + 9 + (6 - 1))
6
What is the value of 0 + 4 + 1 - (1 - 1)?
5
What is 1 + (18 - 14 - -5)?
10
(13 - 0) + -8 + -9
-4
What is -9 + 11 + -2 - (-2 + 7)?
-5
What is the value of 5 - 1 - 8 - -5?
1
-21 + 15 + (1 - (1 + -1))
-5
What is -5 + 19 + (-7 - 1) + -2?
4
What is the value of -4 + 3 + -2 - (-6 + 8)?
-5
What is -2 - ((-42 - -45) + (-6 - -1))?
0
Calculate (-98 - -84) + (5 - (-1 + 1)).
-9
8 - (5 + 1) - (1 - 2)
3
What is (6 - 12 - 4) + 5?
-5
What is -2 + -1 + 5 + 0 + -3?
-1
Evaluate (-7 - -1) + (7 - -1).
2
(8 - -2) + -5 - 12
-7
Evaluate 7 + -5 - 14 - -10.
-2
Evaluate 4 + (2 - (7 - 5) - 6).
-2
Evaluate (1 - 18 - -11) + 0.
-6
14 + (1 - 1) - (636 + -630)
8
Calculate (2 - 2) + 0 - (-2 - -1).
1
What is the value of 9 - (-5 - -9) - (-1 - -2)?
4
Evaluate -23 + 28 + 4 + -5.
4
Evaluate 6 - (1 + (4 - 0)).
1
What is 1 + 1 + 1 + 2 + -2?
3
What is -4 - (2 - (6 - 4))?
-4
-8 + 11 + 8 + -8
3
Evaluate 3 + (-2 + -1 + 6 - 10).
-4
Evaluate -1 + 9 + 5 - (1 - -5).
7
Calculate 2 + (-6 - -6) + (2 - 6).
-2
What is -2 + -1 + 4 + 5 + -2?
4
What is the value of (5 - 2 - 6) + (-2 - -3)?
-2
Calculate -7 - (-19 - (-7 - (0 - 3))).
8
What is 1 + -6 + (-4 - -1) + 5?
-3
9 - ((-4 - 2) + 8)
7
Evaluate 4 + (0 + 3 - 14) + 4.
-3
Evaluate 1 + 0 - ((10 - 16) + 12).
-5
What is -1 + (1 + 3 - -3) - 8?
-2
What is -2 - (3 - 1) - -7?
3
0 + -8 - (2 - 5)
-5
(-1 + -2 - -2) + -7
-8
What is the value of 15 - 9 - (11 + 0)?
-5
What is -16 + 7 + -12 - -12?
-9
-20 + 15 - (1 - 5)
-1
What is 7 + (4 - (4 + 7))?
0
(-8 + (2 - -10) - 2) + 4
6
Evaluate -152 + 152 - (-4 + 0).
4
(-7 - (-1 - 3)) + (-3 - -1)
-5
Evaluate (5 - (2 - -7) - -13) + -5.
4
Evaluate -1 + -5 + 0 + (8 - 5).
-3
What is the value of (-71 - -70) + 0 + 1 + 0?
0
Evaluate (-5 - (-1 - 1 - -3)) + 1.
-5
Calculate -2 + 3 + 2 + (-2 - 4).
-3
Evaluate 10 + 1 + (-15 - 4 - -17).
9
What is the value of 1 + 11 + 79 + -92?
-1
Evaluate 10 + -10 + (0 - 2).
-2
Evaluate 1 + -16 + 4 + 6 + 9.
4
Evaluate -11 - (4 + -7 + -2).
-6
What is the value of 3 + -8 - (-2 - 0) - -6?
3
What is -6 + 9 + -2 + (2 - 9)?
-6
Evaluate -14 + 1 - (-22 + 10).
-1
What is 7 + 5 + -13 + 4?
3
What is the value of -6 - (1 - -2) - 1?
-10
What is the value of 4 - (6 - (1 - (1 + -2)))?
0
What is 1 + 0 + (-3 - -3)?
1
-240 + 248 + 1 + 1
10
What is 17 + -2 - (8 - -2)?
5
Calculate 1 - (-8 - (9 + -10)).
8
16 - 19 - (-3 - -1 - 2)
1
Calculate (-35 - -28) + 1 + 2.
-4
Evaluate 3 - (-1 - 3 - -4) - 2.
1
Calculate (-36 - -33) + 1 + 0.
-2
What is 10 + -5 - 3 - 1?
1
What is the value of (-22 - -6) + 13 - -14?
11
4 + -4 + 0 + 9 + -3
6
Calculate -6 + (0 - (-3 - -2)) + 1.
-4
Evaluate (10 - 15) + (-2 - -11).
4
What is the value of -3 - (-1 - (6 + -3 + -3))?
-2
What is the value of -2 + -1 - -9 - 5?
1
What is the value of (4 - (-3 + (6 - -4))) + -1?
-4
-2 + -2 + -7 + 12 - 0
1
Evaluate 17 + -15 + 6 - 5.
3
Calculate -4 + 8 - (2 - (-2 - 1)).
-1
-3 + (8 - 1) + -8
-4
What is -3 + -2 + 10 - 6?
-1
What is the value of (-3 + 5 - 5) + 4?
1
What is the value of -2 + (3 - (3 + 2))?
-4
Evaluate 0 + 7 + -3 + -6.
-2
-3 + 5 - (8 - 3)
-3
Calculate 2 - (5 - 1 - -1).
-3
4 - 9 - 0 - -1
-4
Calculate (-10 - (12 + -5 + -16)) + -5.
-6
What is 4 + 14 + 1 + -15?
4
-5 - (-1 + 13 + -8 + -4)
-5
-1 + 5 - (2 + -1)
3
What is -18 + 24 - (3 - (3 - 2))?
4
What is the value of -4 - (4 - (4 + 4))?
0
Calculate -1 - -4 - (-2 + 6 - -3).
-4
What is 3 - (-5 + 4) - 6?
-2
Calculate 2 - (1 + (-1 - -2)).
0
Evaluate -7 + 1 + 9 + -9 + 3.
-3
Evaluate 0 + (-4 - (0 - -5)) - -2.
-7
Calculate -7 + (6 - 2) + 8 + -1.
4
Calculate -8 + 17 - (5 - -4).
0
6 - (0 - -6) - -1
1
What is the value of -8 + (-3 - (-6 + 0))?
-5
What is the value of (-6 - -6) + 4 + -5?
-1
What is the value of -10 + -5 + 7 + 4?
-4
(1 - (-8 - -4 - -2)) + 1
4
What is the value of (-4 - 2) + (25 - 12)?
7
Evaluate (-2 + 1 - (1 - 0)) + 6.
4
What is 1 + (-1 + 5 - 4) + -7?
-6
What is the value of 51 + -47 + (-4 - -3)?
3
What is the value of 1 + (6 - (6 + -2)) + -2?
1
Evaluate 0 + 4 + -21 + 12.
-5
Calculate 0 + (-5 - -12 - 8) + -4.
-5
What is -8 - -1 - (-1 - 0 - 13)?
7
(-26 - -25) + 9 + -1 + -2
5
Calculate -14 - -14 - (-6 - -2).
4
What is the value of -4 + 7 - (3 - -3 - 0)?
-3
What is (1 - 3) + 1 + 3 + -4?
-2
What is the value of -7 + (-16 - -23) + 2 + 2?
4
What is the value of 3 - (-1 - (1 - 1))?
4
What is 3 + 3 + -4 + -3 + 3?
2
1 - 1 - 2 - (-1 - 1)
0
What is -6 + 2 + (-24 - -21) + 11?
4
(-6 - (-4 - 2)) + -1
-1
Calculate -3 + (2 - (-1 - -3)) + -2.
-5
2 + 1 - (3 - 5)
5
(-5 - (-2 - -3)) + -2 + -1
-9
What is the value of 1 - ((-10 - -11) + -1 + -3)?
4
What is the value of -1 - (3 + (-2 - (-1 - 2)))?
-5
-1 - (-1 + 1) - (-39 - -41)
-3
What is -5 + (2 - 6) + 17 + 1?
9
What is the value of -3 - (-3 + (-4 - -3))?
1
What is -3 + -10 - (-36 + 22)?
1
Evaluate -1 - -6 - (-5 + 11).
-1
-2 + (3 - 0) + 0 + 0
1
(5 - 4) + (8 - 10)
-1
What is -13 + 16 + (4 - 1) + 0?
6
(-1 - (6 - 2)) + 5 + -3
-3
Evaluate -5 + 2 - (-7 - -3).
1
What is the value of 7 - (11 + -4 + 0)?
0
What is 1 - (-3 + 2 + 5)?
-3
Calculate -7 + 5 + -2 + 7.
3
Evaluate 6 - 3 - (8 + -4 + 2).
-3
What is the value of -9 + (6 - 0) - (-7 + 0)?
4
Evaluate -3 - (2 - (2 - 1)) - 2.
-6
Calculate 90 + -105 + 7 + 1.
-7
(-4 - (5 - 6)) + 4 - -2
3
What is 11 - (-8 - (2 + -20))?
1
Evaluate -1 + (-6 - 1 - -4).
-4
Evaluate (2 - 4) + (-4 - -9).
3
What is (7 - 10) + 6 + -1 + -7?
-5
What is -1 + (-1 - -3 - -4) + -7?
-2
Evaluate (-2 + 4 - 6 - -2) + 2.
0
1 + -4 + (2 - (-6 + 5))
0
What is -1 - (4 + (4 - 5 - 2))?
-2
Calculate -2 + -2 - (-6 - 2).
4
Calculate 4 - (6 + 5 - 6).
-1
Calculate 2 + (-6 - 1) + 5.
0
What is -3 + -3 + 3 + -1?
-4
What is -9 - (-1 - (-3 - -8))?
-3
Calculate -2 - 0 - (-39 - -34).
3
What i